t i(p) = p**3 + 0*p - 87343 + p**2 + 87387 + 5*p. List the prime factors of i(8).
2, 3, 5, 11
Suppose -6*r + 2*r + 12 = 0. Let x be (-21)/(-2) - r/6. Suppose -4*i = -x*i + 372. What are the prime factors of i?
2, 31
Suppose z + 13 = -2*v + 16, -2*v = 3*z - 9. List the prime factors of (2 - z) + (379 + -2 - -3).
379
Suppose -4*l = -o + 1, 0 = 3*o - 7*o - 3*l + 23. Let x be (o + -6)/((-1)/1311). List the prime factors of (-6)/15 - x/(-15).
3, 29
Let t(k) = -2*k - 3. Let b be t(4). Let u = b + 13. Let i = u + 14. List the prime factors of i.
2
List the prime factors of 98/(-70)*5 - 7/(-1) - -49919.
49919
Let p = 379 - 975. Let b = p + 1084. What are the prime factors of b?
2, 61
Let z(o) = o**3 + 9*o**2 - 10*o. Let t be z(-10). Let w = -131 - -602. Suppose t = q - 4*q + w. List the prime factors of q.
157
Let q(u) = 4*u**3 + u**2. Let l be q(1). Suppose 0 = -0*a + a + k, l*a - 4 = -3*k. What are the prime factors of -6 + a - (3 + -108)?
101
Suppose 4100*v - 14935895 = 3865*v. List the prime factors of v.
13, 4889
Let l be ((-117)/(-42) + (-26)/91)*2. What are the prime factors of 6 + -1 + (12700/l)/5?
3, 19
Let s(p) = 504*p + 876. What are the prime factors of s(15)?
2, 3, 19, 37
Let a(x) = 3*x**2 + 50*x + 508. List the prime factors of a(-13).
5, 73
Let n(l) be the second derivative of l**4/6 + 3*l**3/2 - 17*l**2 + 95*l. What are the prime factors of n(11)?
307
Let s(c) = -c**3 + 124*c**2 + 868*c - 302. What are the prime factors of s(129)?
5, 5693
Let r(s) = 27*s**2 - 108*s + 553. List the prime factors of r(-40).
48073
Suppose 4*d = 16*d - 0*d. Suppose d = -t - 2*t - i + 740, 2*i = 2*t - 496. List the prime factors of t.
13, 19
Suppose 2*g = -4*l - 24, -l + 16 = -2*g - 3*g. What are the prime factors of g/2*9/(-6) + 71?
2, 37
Let g(f) = f**3 + 19*f**2 + 24*f + 19. Suppose 0 = -9*i + 62 - 206. What are the prime factors of g(i)?
13, 31
Suppose -10 = 2*h, 2*h - 13 = -5*d + 2. Suppose 20 = -d*o - 825. List the prime factors of (0 - -1)/((-13)/o).
13
Let r(z) = 3*z**2 - 38*z + 47. Let k be (-10)/(-4)*12/(-30)*2. Let o(u) = u**2 - 13*u + 16. Let y(l) = k*r(l) + 7*o(l). List the prime factors of y(19).
2, 47
Let m be (-12)/14 + 40/(-35). What are the prime factors of (-92)/69*(2667/(-6) - m)?
2, 5, 59
Suppose -x + 15222 = 4*p, 3*x + 4858 = 3*p - 6566. List the prime factors of 1/((-6)/4) + p/3.
2, 317
Let o(g) = g + 31. Let h be o(-27). Suppose -2*a + 638 = 2*x, -4*x + h*a + 69 + 1223 = 0. What are the prime factors of x?
3, 107
Let z(p) = -p**2 + p + 36. Let t be z(0). Let j = t + -22. Suppose 2*r - 6 = 0, -m + r + 58 - j = 0. What are the prime factors of m?
47
Let r(o) = -24*o + o**2 - 254 - 250 + 512. List the prime factors of r(-10).
2, 3, 29
Suppose 5*j - 40300 = i, 4*i + 10340 + 29945 = 5*j. List the prime factors of j.
3, 2687
Suppose -5*r + 17324 = 2*q, -2*r + 14142 + 20442 = 4*q. List the prime factors of q.
2, 29, 149
Suppose 24*p = 6815 + 3889. Let g = 1718 - p. List the prime factors of g.
2, 3, 53
Let v = -14588 - -20795. What are the prime factors of v?
3, 2069
Let x(g) = 2*g**2 + 51*g - 10. Let i be x(-26). What are the prime factors of i*38 + -1 + (-4 - -6)?
3, 7, 29
Let z be (45/(-27))/((-51)/(-18) + -3). Suppose 0 = z*q - 12567 + 2377. What are the prime factors of q?
1019
Let i be (-1)/(-2) - (-26)/(-4). Let f = 146 - 144. What are the prime factors of (0 + f)*(-3)/i + 34?
5, 7
Let v(z) = 20*z**2 + 4*z - 7. Suppose -50 - 60 = 22*h. What are the prime factors of v(h)?
11, 43
Suppose 18991 = -49*m + 52*m - 2*w, 2*m - 12663 = -w. List the prime factors of m.
13, 487
Let m = 6741 + -1871. What are the prime factors of m?
2, 5, 487
Suppose -4*b + 11*f - 6*f = -5401, -4012 = -3*b - 4*f. List the prime factors of b.
2, 3, 7
Let g be (8/(-18))/((-5)/90*2). Suppose 3 = 3*m - 3. Suppose -m*t + 306 = -g*n, 0 = -n - 2 + 1. List the prime factors of t.
151
Let s = 92 - 23. Let v = 78 - s. Suppose 3*l + v = 0, -5*w + 4*l + l + 815 = 0. What are the prime factors of w?
2, 5
Let y(q) = q**3 - 6*q**2 - 2*q + 12. Let l be y(5). What are the prime factors of (95*(-1 + 2))/(l/(-184))?
2, 5, 19
Let f(y) = -40 - 11*y - 13*y**2 - 2 + y**2 + y**3 + 10. Let s be f(13). Let b(h) = h**2 - 7*h - 9. List the prime factors of b(s).
3, 23
Let h(j) = 6*j**2 - 237*j - 100. List the prime factors of h(44).
2, 17
Let u = -283 + 285. List the prime factors of 36/u*104/12*2.
2, 3, 13
What are the prime factors of (2 - 214928/(-64))*4?
13441
Let b = 12550 - 3006. List the prime factors of b.
2, 1193
Suppose 4*z - 10412 = -3*s, z = -0*z + 3*s + 2603. Suppose -4*c = -3*u + z, -u + 3*u = -c + 1728. List the prime factors of u.
5, 173
List the prime factors of -72328*(-1 + 10/20).
2, 9041
Let k = -8232 - -15951. List the prime factors of k.
3, 31, 83
Suppose -5*c + 0*c + 4596 = 2*q, -2*c + 1833 = -q. Let z = -602 + c. What are the prime factors of z?
2, 79
Let a = -210 - -214. Suppose 2*c - 3*f = -2*c + 2177, -2*c - a*f + 1072 = 0. List the prime factors of c.
2, 271
Let u be -17*2 + 0 + 75/25. Let k = -55 - u. Let r = k - -62. List the prime factors of r.
2, 19
Let c(p) = 3*p**2 - 45*p - 61. Let u(z) = z**2 - 22*z - 30. Let a(w) = -2*c(w) + 5*u(w). Suppose 21*k = 11*k - 140. What are the prime factors of a(k)?
2, 7
What are the prime factors of ((-158)/4)/((-50)/2800)?
2, 7, 79
List the prime factors of (4 + (-174)/21)/(26/(-75894)).
2, 3, 5, 139
Suppose -5*s = -5, 2*f + 16*s - 12*s = 9344. What are the prime factors of f?
2, 5, 467
Suppose -402*a = -397*a - 2*h - 44438, -a + h + 8890 = 0. What are the prime factors of a?
2, 3, 1481
Suppose -128670 = -5*j + 5*s, 25743 = 5*j - 4*j - 4*s. List the prime factors of j.
3, 953
Let u = -117254 + 166996. List the prime factors of u.
2, 7, 11, 17, 19
Suppose -72*g = -3359388 - 241980. List the prime factors of g.
3, 16673
Suppose y - 152 = 205. Let n = 382 - y. List the prime factors of n.
5
Let x = -3717 - -5980. Let l = -1184 + x. List the prime factors of l.
13, 83
Let u(w) = 2*w**2 + 13*w + 99. Let v be u(-25). Let q = v + -536. What are the prime factors of q?
2, 61
Suppose 11*z - 5*z = 5808. Suppose 0 = 2*o - 2*v - z, -v - 382 = -2*o + 585. What are the prime factors of o?
3, 7, 23
Let r be (-1 + (1 - 1))*41. Suppose -23*i = -24*i - 173. Let k = r - i. List the prime factors of k.
2, 3, 11
Let g be (-4)/14 + 30/7. Suppose 0 = g*h + 3 - 75. Suppose -h = -a + 14. What are the prime factors of a?
2
Suppose -2 = -w - 0. Suppose w*v - 3*g + 270 = 0, 5*v - 5*g - 27 = -712. Let l = -84 - v. List the prime factors of l.
3, 19
Let d(k) = -96*k + 1. Let l be d(-1). Let c = l + -13. Let s = -14 + c. List the prime factors of s.
2, 5, 7
Suppose 23927 = z + 2*x, -2*z + x + 31608 = -16216. What are the prime factors of z?
5, 4783
Let m = -562 - -1043. Let q = 941 - m. What are the prime factors of q?
2, 5, 23
Let q be 9/(-42)*-2 - (-15795)/(-105). List the prime factors of q/(-8) + -9*8/(-288).
19
Let h(z) = -2*z**3 + 23*z - 92. What are the prime factors of h(-15)?
59, 107
Suppose 5*o + 7882 = -18*f + 21*f, -10512 = -4*f + 4*o. Suppose -5*c - 5*n + f + 3971 = 0, -4*n = -3*c + 3974. What are the prime factors of c?
2, 661
Suppose -20*z + 1231274 - 884 = 230690. List the prime factors of z.
5, 13, 769
Suppose 193*m - 8 = 191*m. What are the prime factors of m/(-24) + ((-26411)/42)/(-11)?
3, 19
What are the prime factors of (37756/10)/((-251)/(-5020))?
2, 9439
Let y(r) = r**3 + r**2 + 2*r - 2. Let i be y(1). Let m be (-18 + 14)*(-1)/i. Suppose -2*w - 400 = -5*t, 0 = m*t + 5*w - 0*w - 189. List the prime factors of t.
2, 41
Let d = -856 - 399. Let a = -722 - d. What are the prime factors of a?
13, 41
Suppose 154*x - 2254918 = 261047 - 347337. List the prime factors of x.
2, 3, 2347
Suppose 21*f - 20*f = d - 12, f = -3. What are the prime factors of ((-633)/5)/(d/(-30))?
2, 211
Let f(p) = p**2 + 44*p - 177. What are the prime factors of f(29)?
2, 5, 97
Suppose 23 = 5*s - y - 142, 3*s + y = 99. Suppose -34*z + s*z + 470 = -4*x, 0 = 3*z + x - 1436. What are the prime factors of z?
2, 239
Let r(p) = 2025 + 2038 - 4062 + 15*p. Suppose 12 = -0*u - 2*u - 5*f, u = 4*f + 20. What are the prime factors of r(u)?
61
Let f = -24 + 57. Let z(k) = f - 5*k - 35 + 7*k + 104. List the prime factors of z(0).
2, 3, 17
Suppose 7 = 4*o - 17. Let z = o - 3